{"id":15,"date":"2024-03-08T21:45:47","date_gmt":"2024-03-09T00:45:47","guid":{"rendered":"https:\/\/stefanenogueira.psc.br\/?page_id=15"},"modified":"2025-08-26T11:46:12","modified_gmt":"2025-08-26T14:46:12","slug":"home","status":"publish","type":"page","link":"https:\/\/stefanenogueira.psc.br\/","title":{"rendered":"Home"},"content":{"rendered":"\n<div class=\"wp-block-cover alignfull is-light hestia-clear-top-padding\"><span aria-hidden=\"true\" class=\"wp-block-cover__background has-white-background-color has-background-dim-100 has-background-dim\"><\/span><div class=\"wp-block-cover__inner-container is-layout-flow wp-block-cover-is-layout-flow\">\n<h2 class=\"wp-block-heading has-text-align-center has-text-color\" style=\"color:#3c4858\">Benef\u00edcios da Terapia Online<\/h2>\n\n\n\n<div style=\"height:40px\" aria-hidden=\"true\" class=\"wp-block-spacer\"><\/div>\n\n\n\n<div class=\"wp-block-columns container is-layout-flex wp-container-core-columns-is-layout-1 wp-block-columns-is-layout-flex\">\n<div class=\"wp-block-column is-layout-flow wp-block-column-is-layout-flow\"><div class=\"wp-block-image\">\n<figure class=\"aligncenter size-large\"><img decoding=\"async\" src=\"https:\/\/stefanenogueira.psc.br\/wp-content\/themes\/hestia\/assets\/img\/feat1.png\" alt=\"\" class=\"wp-image-70\"\/><\/figure><\/div>\n\n\n<h5 class=\"wp-block-heading has-text-align-center has-text-color\" style=\"color:#3c4858;font-size:18px\">F\u00e1cil acesso<\/h5>\n\n\n\n<p class=\"has-text-align-center has-text-color\" style=\"color:#999999;font-size:14px\">As sess\u00f5es podem ser feitas de qualquer lugar que voc\u00ea se sinta confort\u00e1vel e que possua acesso a internet.<\/p>\n\n\n\n<div style=\"height:25px\" aria-hidden=\"true\" class=\"wp-block-spacer\"><\/div>\n<\/div>\n\n\n\n<div class=\"wp-block-column is-layout-flow wp-block-column-is-layout-flow\"><div class=\"wp-block-image\">\n<figure class=\"aligncenter size-large\"><img decoding=\"async\" src=\"https:\/\/stefanenogueira.psc.br\/wp-content\/themes\/hestia\/assets\/img\/feat2.png\" alt=\"\" class=\"wp-image-71\"\/><\/figure><\/div>\n\n\n<h5 class=\"wp-block-heading has-text-align-center has-text-color\" style=\"color:#3c4858;font-size:18px\">Sigilo e seguran\u00e7a<\/h5>\n\n\n\n<p class=\"has-text-align-center has-text-color\" style=\"color:#999999;font-size:14px\">Sess\u00e3o realizada por v\u00eddeo, 100% protegida e sigilosa, al\u00e9m de atender todas as regulamenta\u00e7\u00f5es do Conselho Federal de Psicologia.<\/p>\n\n\n\n<div style=\"height:25px\" aria-hidden=\"true\" class=\"wp-block-spacer\"><\/div>\n<\/div>\n\n\n\n<div class=\"wp-block-column is-layout-flow wp-block-column-is-layout-flow\"><div class=\"wp-block-image\">\n<figure class=\"aligncenter size-large\"><img decoding=\"async\" src=\"https:\/\/stefanenogueira.psc.br\/wp-content\/themes\/hestia\/assets\/img\/feat3.png\" alt=\"\" class=\"wp-image-72\"\/><\/figure><\/div>\n\n\n<h5 class=\"wp-block-heading has-text-align-center has-text-color\" style=\"color:#3c4858;font-size:18px\">Experi\u00eancia eficaz<\/h5>\n\n\n\n<p class=\"has-text-align-center has-text-color\" style=\"color:#999999;font-size:14px\">O atendimento online \u00e9 comprovadamente eficaz, sendo poss\u00edvel captar express\u00f5es, tom de voz, movimentos corporais e emo\u00e7\u00f5es.<\/p>\n\n\n\n<div style=\"height:25px\" aria-hidden=\"true\" class=\"wp-block-spacer\"><\/div>\n<\/div>\n<\/div>\n\n\n\n<div style=\"height:40px\" aria-hidden=\"true\" class=\"wp-block-spacer\"><\/div>\n<\/div><\/div>\n\n\n\n<div class=\"wp-block-columns is-layout-flex wp-container-core-columns-is-layout-2 wp-block-columns-is-layout-flex\">\n<div class=\"wp-block-column is-vertically-aligned-top is-layout-flow wp-block-column-is-layout-flow\" style=\"flex-basis:66.66%\">\n<h2 class=\"wp-block-heading\">Quem \u00e9 Stefane Nogueira?<\/h2>\n\n\n\nSou Psic\u00f3loga formada h\u00e1 6\nanos, p\u00f3s graduada em terapia cognitivo comportamental e Saude mental.\nDediquei por alguns anos da minha vida o trabalho com crian\u00e7as atipicas\/neurodiverg\u00eancias o qual sou apaixonada e extremamente grata pela jornada.\nDepois de passar por um periodo transformador que foi tornar-me m\u00e3e, passei a ter uma vis\u00e3o macro, uma vis\u00e3o que irradia na for\u00e7a, na natureza da mulher em sua ess\u00eancia e seus processos fisiologicos e Psicologicos, com base nisso atualmente sigo em mais um processo de aprendizado, a especializa\u00e7\u00e3o em Psicologia Obstetrica e Perinatalidade.\nHoje retomo e dedico minha trajet\u00f3ria com uma miss\u00e3o linda, acolher mulheres em sua totalidade, tentantes, m\u00e3es e pu\u00e9rperas.\nAjudando-as a se reencontrarem consigo mesmas em um dos momentos mais intensos da vida: a maternidade.\nAtrav\u00e9s desse processo estarei acompanhando mulheres desde o inicio da gesta\u00e7\u00e3o at\u00e9 o p\u00f3s parto, oferendo informa\u00e7\u00f5es e suporte sobre cada parte do processo. Esse acompanhamento possibilita que a mulher compreenda o que est\u00e1 vivendo, se sinta mais segura e consiga ressignificar as suas experi\u00eancias, tornando a maternidade mais leve e consciente.\n<\/div>\n\n\n\n<div class=\"wp-block-column is-vertically-aligned-bottom is-layout-flow wp-block-column-is-layout-flow\" style=\"flex-basis:33.33%\">\n<div class=\"wp-block-group\"><div class=\"wp-block-group__inner-container is-layout-constrained wp-block-group-is-layout-constrained\"><div class=\"wp-block-image is-style-rounded\">\n<figure class=\"aligncenter size-medium is-resized\"><img loading=\"lazy\" decoding=\"async\" width=\"300\" height=\"269\" src=\"https:\/\/stefanenogueira.psc.br\/wp-content\/uploads\/2025\/08\/IMG_3B05757F98C0-1-300x269.jpeg\" alt=\"\" class=\"wp-image-128\" style=\"object-fit:cover;width:250px;height:250px\" srcset=\"https:\/\/stefanenogueira.psc.br\/wp-content\/uploads\/2025\/08\/IMG_3B05757F98C0-1-300x269.jpeg 300w, https:\/\/stefanenogueira.psc.br\/wp-content\/uploads\/2025\/08\/IMG_3B05757F98C0-1-1024x918.jpeg 1024w, https:\/\/stefanenogueira.psc.br\/wp-content\/uploads\/2025\/08\/IMG_3B05757F98C0-1-768x689.jpeg 768w, https:\/\/stefanenogueira.psc.br\/wp-content\/uploads\/2025\/08\/IMG_3B05757F98C0-1.jpeg 1038w\" sizes=\"(max-width: 300px) 100vw, 300px\" \/><\/figure><\/div><\/div><\/div>\n<\/div>\n<\/div>\n","protected":false},"excerpt":{"rendered":"<p>Quem \u00e9 Stefane Nogueira? Sou Psic\u00f3loga formada h\u00e1 6 anos, p\u00f3s graduada em terapia cognitivo comportamental e Saude mental. Dediquei por alguns anos da minha vida o trabalho com crian\u00e7as atipicas\/neurodiverg\u00eancias o qual sou apaixonada e extremamente grata pela jornada. Depois de passar por um periodo transformador que foi tornar-me [&hellip;]<\/p>\n","protected":false},"author":1,"featured_media":143,"parent":0,"menu_order":0,"comment_status":"closed","ping_status":"closed","template":"","meta":{"footnotes":""},"_links":{"self":[{"href":"https:\/\/stefanenogueira.psc.br\/index.php\/wp-json\/wp\/v2\/pages\/15"}],"collection":[{"href":"https:\/\/stefanenogueira.psc.br\/index.php\/wp-json\/wp\/v2\/pages"}],"about":[{"href":"https:\/\/stefanenogueira.psc.br\/index.php\/wp-json\/wp\/v2\/types\/page"}],"author":[{"embeddable":true,"href":"https:\/\/stefanenogueira.psc.br\/index.php\/wp-json\/wp\/v2\/users\/1"}],"replies":[{"embeddable":true,"href":"https:\/\/stefanenogueira.psc.br\/index.php\/wp-json\/wp\/v2\/comments?post=15"}],"version-history":[{"count":15,"href":"https:\/\/stefanenogueira.psc.br\/index.php\/wp-json\/wp\/v2\/pages\/15\/revisions"}],"predecessor-version":[{"id":129,"href":"https:\/\/stefanenogueira.psc.br\/index.php\/wp-json\/wp\/v2\/pages\/15\/revisions\/129"}],"wp:featuredmedia":[{"embeddable":true,"href":"https:\/\/stefanenogueira.psc.br\/index.php\/wp-json\/wp\/v2\/media\/143"}],"wp:attachment":[{"href":"https:\/\/stefanenogueira.psc.br\/index.php\/wp-json\/wp\/v2\/media?parent=15"}],"curies":[{"name":"wp","href":"https:\/\/api.w.org\/{rel}","templated":true}]}}